{"id":136,"date":"2017-08-04T19:41:21","date_gmt":"2017-08-04T17:41:21","guid":{"rendered":"http:\/\/seibeweglich.at\/wordpress\/?page_id=136"},"modified":"2023-01-04T13:25:23","modified_gmt":"2023-01-04T12:25:23","slug":"physiotherapie","status":"publish","type":"page","link":"http:\/\/seibeweglich.at\/wordpress\/physiotherapie\/","title":{"rendered":"Physiotherapie"},"content":{"rendered":"\n<div class=\"wp-block-media-text alignfull is-vertically-aligned-top is-image-fill\" style=\"grid-template-columns:34% auto\"><figure class=\"wp-block-media-text__media\" style=\"background-image:url(http:\/\/seibeweglich.at\/wordpress\/wp-content\/uploads\/2020\/04\/20200322_165612-576x1024.jpg);background-position:48.421052631578945% 34.705882352941174%\"><img loading=\"lazy\" decoding=\"async\" width=\"576\" height=\"1024\" src=\"http:\/\/seibeweglich.at\/wordpress\/wp-content\/uploads\/2020\/04\/20200322_165612-576x1024.jpg\" alt=\"\" class=\"wp-image-466\" srcset=\"http:\/\/seibeweglich.at\/wordpress\/wp-content\/uploads\/2020\/04\/20200322_165612-576x1024.jpg 576w, http:\/\/seibeweglich.at\/wordpress\/wp-content\/uploads\/2020\/04\/20200322_165612-169x300.jpg 169w, http:\/\/seibeweglich.at\/wordpress\/wp-content\/uploads\/2020\/04\/20200322_165612-768x1366.jpg 768w, http:\/\/seibeweglich.at\/wordpress\/wp-content\/uploads\/2020\/04\/20200322_165612-864x1536.jpg 864w, http:\/\/seibeweglich.at\/wordpress\/wp-content\/uploads\/2020\/04\/20200322_165612-500x889.jpg 500w, http:\/\/seibeweglich.at\/wordpress\/wp-content\/uploads\/2020\/04\/20200322_165612-800x1422.jpg 800w, http:\/\/seibeweglich.at\/wordpress\/wp-content\/uploads\/2020\/04\/20200322_165612.jpg 1000w\" sizes=\"auto, (max-width: 576px) 100vw, 576px\" \/><\/figure><div class=\"wp-block-media-text__content\">\n<p class=\"has-normal-font-size\">Die Physiotherapie beinhaltet einerseits die Vermeidung von Funktionsst\u00f6rungen <br>des Bewegungssystems, andererseits die Erhaltung und Wiederherstellung der <br>nat\u00fcrlichen Bewegungsabl\u00e4ufe, um den Patienten eine optimale individuelle <br>Bewegungs- und Schmerzfreiheit bzw. Selbst\u00e4ndigkeit zu erm\u00f6glichen.<br><br> Physiotherapie dient der Vorbeugung von Haltungssch\u00e4den bzw. Gelenkssch\u00e4digung, <br>der Erhaltung der Mobilit\u00e4t bzw. Wiederherstellung der Mobilit\u00e4t nach <br>Unf\u00e4llen, Schlaganf\u00e4llen und neurologischen Erkrankungen <br>wie z.B.: Morbus Parkinson, Multiple Sklerose&#8230; <\/p>\n\n\n\n<p><\/p>\n<\/div><\/div>\n\n\n\n<div style=\"height:47px\" aria-hidden=\"true\" class=\"wp-block-spacer\"><\/div>\n\n\n\n<div class=\"wp-block-media-text alignfull has-media-on-the-right is-vertically-aligned-top\" style=\"grid-template-columns:auto 34%\"><figure class=\"wp-block-media-text__media\"><img loading=\"lazy\" decoding=\"async\" width=\"576\" height=\"1024\" src=\"http:\/\/seibeweglich.at\/wordpress\/wp-content\/uploads\/2020\/04\/20200322_172511-576x1024.jpg\" alt=\"\" class=\"wp-image-467\" srcset=\"http:\/\/seibeweglich.at\/wordpress\/wp-content\/uploads\/2020\/04\/20200322_172511-576x1024.jpg 576w, http:\/\/seibeweglich.at\/wordpress\/wp-content\/uploads\/2020\/04\/20200322_172511-169x300.jpg 169w, http:\/\/seibeweglich.at\/wordpress\/wp-content\/uploads\/2020\/04\/20200322_172511-768x1366.jpg 768w, http:\/\/seibeweglich.at\/wordpress\/wp-content\/uploads\/2020\/04\/20200322_172511-864x1536.jpg 864w, http:\/\/seibeweglich.at\/wordpress\/wp-content\/uploads\/2020\/04\/20200322_172511-500x889.jpg 500w, http:\/\/seibeweglich.at\/wordpress\/wp-content\/uploads\/2020\/04\/20200322_172511-800x1422.jpg 800w, http:\/\/seibeweglich.at\/wordpress\/wp-content\/uploads\/2020\/04\/20200322_172511.jpg 1000w\" sizes=\"auto, (max-width: 576px) 100vw, 576px\" \/><\/figure><div class=\"wp-block-media-text__content\">\n<h2 class=\"wp-block-heading\"> Spiraldynamik\u00ae <\/h2>\n\n\n\n<p class=\"has-small-font-size\">Fachkraft Intermediate <\/p>\n\n\n\n<p class=\"has-normal-font-size\">Spiraldynamik\u00ae ist ein anatomisch begr\u00fcndetes Bewegungs- und Therapiekonzept, eine Gebrauchsanweisung f\u00fcr den eigenen K\u00f6rper von Kopf bis Fu\u00df; Kunst und Wissenschaft menschlicher Bewegung.<br>In der Therapie werden Spiraldynamische \u00dcbungen Schritt-f\u00fcr-Schritt erarbeitet, kontrolliert und im Alltag umgesetzt.<br><br>Ich arbeite damit bei Schmerzsyndrom Wirbels\u00e4ule, Fussfehlstellungen, Haltungskorrektur im Alltag, in der Freizeit und am Arbeitsplatz. Bei diffus auftretenden Schmerzen, Skoliose und anderen Haltungsver\u00e4nderungen,&#8230;<\/p>\n\n\n\n<h2 class=\"wp-block-heading\">Emotionale K\u00f6rperarbeit<\/h2>\n\n\n\n<p class=\"has-normal-font-size\">Die emotionale K\u00f6rperarbeit ist ein dynamischer Prozess mit dem Ziel meine \u201eIdeale Gestalt\u201c zu finden. Ein Wechsel zwischen aktiven Bewegungen und verbalem Ausdr\u00fccken dessen was ich&nbsp;&nbsp; in und an meinem K\u00f6rper sp\u00fcre. <br>Mein K\u00f6rper ver\u00e4ndert sich in dem Ausma\u00df und in der Geschwindigkeit wie ich bereit bin zu ver\u00e4ndern. <br>Eine spannende Reise zu mir selbst und eine M\u00f6glichkeit zur ganzheitlichen Ver\u00e4nderung. <br>Das Abzulegen was mich am Leben bremst und das zu Leben was meinem nat\u00fcrlichen Selbst entspricht.<\/p>\n\n\n\n<p>Ich begleite Sie gerne dabei.<\/p>\n<\/div><\/div>\n\n\n\n<p><\/p>\n\n\n\n<div class=\"wp-block-media-text alignfull is-vertically-aligned-top\" style=\"grid-template-columns:34% auto\"><figure class=\"wp-block-media-text__media\"><img loading=\"lazy\" decoding=\"async\" width=\"536\" height=\"897\" src=\"http:\/\/seibeweglich.at\/wordpress\/wp-content\/uploads\/2020\/04\/Melina-1.jpg\" alt=\"\" class=\"wp-image-542\" srcset=\"http:\/\/seibeweglich.at\/wordpress\/wp-content\/uploads\/2020\/04\/Melina-1.jpg 536w, http:\/\/seibeweglich.at\/wordpress\/wp-content\/uploads\/2020\/04\/Melina-1-179x300.jpg 179w, http:\/\/seibeweglich.at\/wordpress\/wp-content\/uploads\/2020\/04\/Melina-1-500x837.jpg 500w\" sizes=\"auto, (max-width: 536px) 100vw, 536px\" \/><\/figure><div class=\"wp-block-media-text__content\">\n<h2 class=\"wp-block-heading\">\u00dcberblick Leistungsspektrum <\/h2>\n\n\n\n<p><\/p>\n\n\n\n<p class=\"has-medium-font-size\">CranioSacral\u00ae Therapie <br><br>NCMT \u2013 Neuro Craniale Mobilisations Technik (nach J. Randolf)<br><br>Klassische Physiotherapie (auch Hausbesuche)<br><br>Medi-Taping EPT<br><br>Emotionale K\u00f6rperarbeit<br><br>Physiotherapie mit Kindern<br><br>Akupunkturmassage nach Penzel<br><br>Lymphdrainage <br><br>Yin Yoga<br><br>Klassische Massage<\/p>\n\n\n\n<p><br><\/p>\n<\/div><\/div>\n\n\n\n<p><\/p>\n\n\n\n<section id=\"gm409c0b6\" class=\"wp-block-gutentor-m0 section-gm409c0b6 gutentor-module gutentor-module-carousel wow zoomIn\"><div class=\"grid-container\"><div class=\"gutentor-module-carousel-row\" data-dots=\"true\" data-arrows=\"false\" data-infinite=\"true\" data-autoplay=\"true\" data-slideitemdesktop=\"3\" data-slideitemtablet=\"3\" data-slideitemmobile=\"2\" data-slidescroll-desktop=\"3\" data-slidescroll-tablet=\"3\" data-slidescroll-mobile=\"2\">\n<div id=\"col-gmfee908\" class=\"wp-block-gutentor-m0-col col-gmfee908 gutentor-carousel-item\"><div id=\"section-gmfee908\" class=\"section-gmfee908 gutentor-col-wrap\">\n<div id=\"section-gf558e3\" class=\"wp-block-gutentor-e6 section-gf558e3 gutentor-element gutentor-element-image\"><div class=\"gutentor-element-image-box\"><div class=\"gutentor-image-thumb\"><img decoding=\"async\" class=\"normal-image\" src=\"http:\/\/seibeweglich.at\/wordpress\/wp-content\/uploads\/2020\/04\/20200322_165612.jpg\" srcset=\"http:\/\/seibeweglich.at\/wordpress\/wp-content\/uploads\/2020\/04\/20200322_165612.jpg 2x\"\/><\/div><\/div><\/div>\n<\/div><\/div>\n\n\n\n<div id=\"col-gmbb13d0\" class=\"wp-block-gutentor-m0-col col-gmbb13d0 gutentor-carousel-item\"><div id=\"section-gmbb13d0\" class=\"section-gmbb13d0 gutentor-col-wrap\">\n<div id=\"section-g23a2eb\" class=\"wp-block-gutentor-e6 section-g23a2eb gutentor-element gutentor-element-image\"><div class=\"gutentor-element-image-box\"><div class=\"gutentor-image-thumb\"><img decoding=\"async\" class=\"normal-image\" src=\"http:\/\/seibeweglich.at\/wordpress\/wp-content\/uploads\/2020\/04\/Therapie1.jpg\"\/><\/div><\/div><\/div>\n<\/div><\/div>\n\n\n\n<div id=\"col-gm9cc420\" class=\"wp-block-gutentor-m0-col col-gm9cc420 gutentor-carousel-item\"><div id=\"section-gm9cc420\" class=\"section-gm9cc420 gutentor-col-wrap\">\n<div id=\"section-gafdaac\" class=\"wp-block-gutentor-e6 section-gafdaac gutentor-element gutentor-element-image\"><div class=\"gutentor-element-image-box\"><div class=\"gutentor-image-thumb\"><img decoding=\"async\" class=\"normal-image\" src=\"http:\/\/seibeweglich.at\/wordpress\/wp-content\/uploads\/2020\/04\/20200322_171334-1-scaled.jpg\" srcset=\"http:\/\/seibeweglich.at\/wordpress\/wp-content\/uploads\/2020\/04\/20200322_171334-1-scaled.jpg 2x\"\/><\/div><\/div><\/div>\n<\/div><\/div>\n\n\n\n<div id=\"col-gm9e8012\" class=\"wp-block-gutentor-m0-col col-gm9e8012 gutentor-carousel-item\"><div id=\"section-gm9e8012\" class=\"section-gm9e8012 gutentor-col-wrap\">\n<div id=\"section-ge5f166\" class=\"wp-block-gutentor-e6 section-ge5f166 gutentor-element gutentor-element-image\"><div class=\"gutentor-element-image-box\"><div class=\"gutentor-image-thumb\"><img decoding=\"async\" class=\"normal-image\" src=\"http:\/\/seibeweglich.at\/wordpress\/wp-content\/uploads\/2016\/10\/IMG_0934.jpg\"\/><\/div><\/div><\/div>\n<\/div><\/div>\n\n\n\n<div id=\"col-gmd333ef\" class=\"wp-block-gutentor-m0-col col-gmd333ef gutentor-carousel-item\"><div id=\"section-gmd333ef\" class=\"section-gmd333ef gutentor-col-wrap\">\n<div id=\"section-ge5d031\" class=\"wp-block-gutentor-e6 section-ge5d031 gutentor-element gutentor-element-image\"><div class=\"gutentor-element-image-box\"><div class=\"gutentor-image-thumb\"><img decoding=\"async\" class=\"normal-image\" src=\"http:\/\/seibeweglich.at\/wordpress\/wp-content\/uploads\/2020\/04\/20200322_161745.jpg\"\/><\/div><\/div><\/div>\n<\/div><\/div>\n\n\n\n<div id=\"col-gm3dc6be\" class=\"wp-block-gutentor-m0-col col-gm3dc6be gutentor-carousel-item\"><div id=\"section-gm3dc6be\" class=\"section-gm3dc6be gutentor-col-wrap\">\n<div id=\"section-g84b3a4\" class=\"wp-block-gutentor-e6 section-g84b3a4 gutentor-element gutentor-element-image\"><div class=\"gutentor-element-image-box\"><div class=\"gutentor-image-thumb\"><img decoding=\"async\" class=\"normal-image\" src=\"http:\/\/seibeweglich.at\/wordpress\/wp-content\/uploads\/2016\/10\/IMG_0505.jpg\"\/><\/div><\/div><\/div>\n<\/div><\/div>\n\n\n\n<div id=\"col-gme3056e\" class=\"wp-block-gutentor-m0-col col-gme3056e gutentor-carousel-item\"><div id=\"section-gme3056e\" class=\"section-gme3056e gutentor-col-wrap\">\n<div id=\"section-g319069\" class=\"wp-block-gutentor-e6 section-g319069 gutentor-element gutentor-element-image\"><div class=\"gutentor-element-image-box\"><div class=\"gutentor-image-thumb\"><img decoding=\"async\" class=\"normal-image\" src=\"http:\/\/seibeweglich.at\/wordpress\/wp-content\/uploads\/2016\/10\/IMG_0624.jpg\"\/><\/div><\/div><\/div>\n<\/div><\/div>\n\n\n\n<div id=\"col-gm8b1f31\" class=\"wp-block-gutentor-m0-col col-gm8b1f31 gutentor-carousel-item\"><div id=\"section-gm8b1f31\" class=\"section-gm8b1f31 gutentor-col-wrap\">\n<div id=\"section-g61683a\" class=\"wp-block-gutentor-e6 section-g61683a gutentor-element gutentor-element-image\"><div class=\"gutentor-element-image-box\"><div class=\"gutentor-image-thumb\"><img decoding=\"async\" class=\"normal-image\" src=\"http:\/\/seibeweglich.at\/wordpress\/wp-content\/uploads\/2020\/04\/20200322_164306.jpg\"\/><\/div><\/div><\/div>\n<\/div><\/div>\n\n\n\n<div id=\"col-gm651c57\" class=\"wp-block-gutentor-m0-col col-gm651c57 gutentor-carousel-item\"><div id=\"section-gm651c57\" class=\"section-gm651c57 gutentor-col-wrap\">\n<div id=\"section-gcdfd88\" class=\"wp-block-gutentor-e6 section-gcdfd88 gutentor-element gutentor-element-image\"><div class=\"gutentor-element-image-box\"><div class=\"gutentor-image-thumb\"><img decoding=\"async\" class=\"normal-image\" src=\"http:\/\/seibeweglich.at\/wordpress\/wp-content\/uploads\/2016\/10\/IMG_0796.jpg\"\/><\/div><\/div><\/div>\n<\/div><\/div>\n\n\n\n<div id=\"col-gma85cfe\" class=\"wp-block-gutentor-m0-col col-gma85cfe gutentor-carousel-item\"><div id=\"section-gma85cfe\" class=\"section-gma85cfe gutentor-col-wrap\">\n<div id=\"section-g8c7d22\" class=\"wp-block-gutentor-e6 section-g8c7d22 gutentor-element gutentor-element-image\"><div class=\"gutentor-element-image-box\"><div class=\"gutentor-image-thumb\"><img decoding=\"async\" class=\"normal-image\" src=\"http:\/\/seibeweglich.at\/wordpress\/wp-content\/uploads\/2020\/04\/APM2.jpg\"\/><\/div><\/div><\/div>\n<\/div><\/div>\n\n\n\n<div id=\"col-gmb89323\" class=\"wp-block-gutentor-m0-col col-gmb89323 gutentor-carousel-item\"><div id=\"section-gmb89323\" class=\"section-gmb89323 gutentor-col-wrap\">\n<div id=\"section-gcab3f3\" class=\"wp-block-gutentor-e6 section-gcab3f3 gutentor-element gutentor-element-image\"><div class=\"gutentor-element-image-box\"><div class=\"gutentor-image-thumb\"><img decoding=\"async\" class=\"normal-image\" src=\"http:\/\/seibeweglich.at\/wordpress\/wp-content\/uploads\/2016\/10\/IMG_0569.jpg\"\/><\/div><\/div><\/div>\n<\/div><\/div>\n\n\n\n<div id=\"col-gm81f11f\" class=\"wp-block-gutentor-m0-col col-gm81f11f gutentor-carousel-item\"><div id=\"section-gm81f11f\" class=\"section-gm81f11f gutentor-col-wrap\">\n<div id=\"section-g90fb50\" class=\"wp-block-gutentor-e6 section-g90fb50 gutentor-element gutentor-element-image\"><div class=\"gutentor-element-image-box\"><div class=\"gutentor-image-thumb\"><img decoding=\"async\" class=\"normal-image\" src=\"http:\/\/seibeweglich.at\/wordpress\/wp-content\/uploads\/2020\/04\/APM1.jpg\"\/><\/div><\/div><\/div>\n<\/div><\/div>\n<\/div><\/div><\/section>\n\n\n","protected":false},"excerpt":{"rendered":"<p>Die Physiotherapie beinhaltet einerseits die Vermeidung von Funktionsst\u00f6rungen des Bewegungssystems, andererseits die Erhaltung und Wiederherstellung der nat\u00fcrlichen Bewegungsabl\u00e4ufe, um den Patienten eine optimale individuelle Bewegungs- und Schmerzfreiheit bzw. Selbst\u00e4ndigkeit zu erm\u00f6glichen. Physiotherapie dient der Vorbeugung von Haltungssch\u00e4den bzw. Gelenkssch\u00e4digung, der Erhaltung der Mobilit\u00e4t bzw. Wiederherstellung der Mobilit\u00e4t nach Unf\u00e4llen, Schlaganf\u00e4llen und neurologischen Erkrankungen wie z.B.: <a class=\"read-more\" href=\"http:\/\/seibeweglich.at\/wordpress\/physiotherapie\/\">Read More<\/a><\/p>\n","protected":false},"author":1,"featured_media":0,"parent":0,"menu_order":98,"comment_status":"closed","ping_status":"closed","template":"template-full-width-no-bottom-margin.php","meta":{"footnotes":""},"class_list":["post-136","page","type-page","status-publish","hentry"],"_links":{"self":[{"href":"http:\/\/seibeweglich.at\/wordpress\/wp-json\/wp\/v2\/pages\/136","targetHints":{"allow":["GET"]}}],"collection":[{"href":"http:\/\/seibeweglich.at\/wordpress\/wp-json\/wp\/v2\/pages"}],"about":[{"href":"http:\/\/seibeweglich.at\/wordpress\/wp-json\/wp\/v2\/types\/page"}],"author":[{"embeddable":true,"href":"http:\/\/seibeweglich.at\/wordpress\/wp-json\/wp\/v2\/users\/1"}],"replies":[{"embeddable":true,"href":"http:\/\/seibeweglich.at\/wordpress\/wp-json\/wp\/v2\/comments?post=136"}],"version-history":[{"count":54,"href":"http:\/\/seibeweglich.at\/wordpress\/wp-json\/wp\/v2\/pages\/136\/revisions"}],"predecessor-version":[{"id":624,"href":"http:\/\/seibeweglich.at\/wordpress\/wp-json\/wp\/v2\/pages\/136\/revisions\/624"}],"wp:attachment":[{"href":"http:\/\/seibeweglich.at\/wordpress\/wp-json\/wp\/v2\/media?parent=136"}],"curies":[{"name":"wp","href":"https:\/\/api.w.org\/{rel}","templated":true}]}}