{"id":262,"date":"2020-01-20T18:58:31","date_gmt":"2020-01-20T17:58:31","guid":{"rendered":"http:\/\/seibeweglich.at\/wordpress\/?page_id=262"},"modified":"2023-01-04T12:42:27","modified_gmt":"2023-01-04T11:42:27","slug":"ueber-mich","status":"publish","type":"page","link":"http:\/\/seibeweglich.at\/wordpress\/ueber-mich\/","title":{"rendered":"\u00dcber mich"},"content":{"rendered":"\n<div class=\"wp-block-media-text alignfull is-vertically-aligned-top\" style=\"grid-template-columns:24% auto\"><figure class=\"wp-block-media-text__media\"><img loading=\"lazy\" decoding=\"async\" width=\"175\" height=\"267\" src=\"http:\/\/seibeweglich.at\/wordpress\/wp-content\/uploads\/2019\/06\/VisitenkartenFoto.png\" alt=\"\" class=\"wp-image-228\"\/><\/figure><div class=\"wp-block-media-text__content\">\n<h2 class=\"wp-block-heading\"><strong>Ausbildung<\/strong><\/h2>\n\n\n\n<p>2002&nbsp;&nbsp; Matura mit Abschluss Kindergarten- und Hortp\u00e4dagogin BAFEP Steyr<br><br>2001-2004&nbsp;&nbsp; Lehrg\u00e4nge Ballettp\u00e4dagogik russ. Methode (Gesellschaft f\u00fcr Musiktheater Wien)<br><br>2005-2008&nbsp;&nbsp; Akademie f\u00fcr Physiotherapie Steyr <br><br>2016\/2017&nbsp;&nbsp; Yin Yoga Ausbildung (Prag, Riga) <\/p>\n\n\n\n<p><\/p>\n\n\n\n<p><\/p>\n<\/div><\/div>\n\n\n\n<p><\/p>\n\n\n\n<div class=\"wp-block-media-text alignfull is-vertically-aligned-top\" style=\"grid-template-columns:24% auto\"><figure class=\"wp-block-media-text__media\"><img loading=\"lazy\" decoding=\"async\" width=\"576\" height=\"1024\" src=\"http:\/\/seibeweglich.at\/wordpress\/wp-content\/uploads\/2020\/04\/20200322_164306-576x1024.jpg\" alt=\"\" class=\"wp-image-426\" srcset=\"http:\/\/seibeweglich.at\/wordpress\/wp-content\/uploads\/2020\/04\/20200322_164306-576x1024.jpg 576w, http:\/\/seibeweglich.at\/wordpress\/wp-content\/uploads\/2020\/04\/20200322_164306-169x300.jpg 169w, http:\/\/seibeweglich.at\/wordpress\/wp-content\/uploads\/2020\/04\/20200322_164306-768x1366.jpg 768w, http:\/\/seibeweglich.at\/wordpress\/wp-content\/uploads\/2020\/04\/20200322_164306-864x1536.jpg 864w, http:\/\/seibeweglich.at\/wordpress\/wp-content\/uploads\/2020\/04\/20200322_164306-500x889.jpg 500w, http:\/\/seibeweglich.at\/wordpress\/wp-content\/uploads\/2020\/04\/20200322_164306-800x1422.jpg 800w, http:\/\/seibeweglich.at\/wordpress\/wp-content\/uploads\/2020\/04\/20200322_164306.jpg 1000w\" sizes=\"auto, (max-width: 576px) 100vw, 576px\" \/><\/figure><div class=\"wp-block-media-text__content\">\n<h2 class=\"wp-block-heading\"> <strong>Beruflicher Werdegang<\/strong><\/h2>\n\n\n\n<p>2008-2010&nbsp;&nbsp; MTZ &#8211; Mehrfach Therapeutisches Zentrum Linz<br><br>2010-2011&nbsp;&nbsp; PKA &#8211; Physikalisches Institut der Kreuzschwestern Wels<br><br>2012-2013&nbsp;&nbsp; Apolloneum Oberweis &#8211; Therapie und Trainingszentrum<br><br>2013-2018&nbsp;&nbsp; PGA\/Proges Linz<br><br>seit 2000&nbsp;&nbsp; div. Unterrichtst\u00e4tigkeiten kl. Ballett, Pilates, Yoga (VHS, MoveWorkx, uvm.)<br><br>seit 2010&nbsp;&nbsp; zus\u00e4tzliche freiberufliche T\u00e4tigkeit \u2013 Praxis Dr. Gringinger <br><br>seit 2019&nbsp;&nbsp; ausschlie\u00dflich freiberuflich t\u00e4tig in meiner Praxis \u2013 Seibeweglich Physiotherapie &amp; Yoga  <\/p>\n\n\n\n<p><\/p>\n<\/div><\/div>\n\n\n\n<div class=\"wp-block-media-text alignfull is-vertically-aligned-top\" style=\"grid-template-columns:24% auto\"><figure class=\"wp-block-media-text__media\"><img loading=\"lazy\" decoding=\"async\" width=\"768\" height=\"1024\" src=\"http:\/\/seibeweglich.at\/wordpress\/wp-content\/uploads\/2016\/10\/IMG_0796-768x1024.jpg\" alt=\"\" class=\"wp-image-154\" srcset=\"http:\/\/seibeweglich.at\/wordpress\/wp-content\/uploads\/2016\/10\/IMG_0796-768x1024.jpg 768w, http:\/\/seibeweglich.at\/wordpress\/wp-content\/uploads\/2016\/10\/IMG_0796-225x300.jpg 225w, http:\/\/seibeweglich.at\/wordpress\/wp-content\/uploads\/2016\/10\/IMG_0796.jpg 938w\" sizes=\"auto, (max-width: 768px) 100vw, 768px\" \/><\/figure><div class=\"wp-block-media-text__content\">\n<h2 class=\"wp-block-heading\"> <strong>Fachspezifische Zusatzausbildungen<\/strong> <\/h2>\n\n\n\n<p> Manuelle Lymphdrainage nach Dr. Vodder<br><br>Akupunktmassage nach Penzel\u00ae<br><br>Spiraldynamik\u00ae Fachkraft Intermediate<br><br>Emotionale K\u00f6rperarbeit nach Dorothea Schultenk\u00e4mper<br><br>\u00dcbungsleiterin Therapeutisches Klettern<br><br>EPT Energetisch Physiologisches Medi-Taping\u00ae<br><br>Viszerale Automobilisation<br><br>NCMT Neuro Craniale Mobilisationstechnik nach J. Randolf<br><br>Cranio Sacral Therapie nach Upledger i.A. <\/p>\n<\/div><\/div>\n","protected":false},"excerpt":{"rendered":"<p>Ausbildung 2002&nbsp;&nbsp; Matura mit Abschluss Kindergarten- und Hortp\u00e4dagogin BAFEP Steyr 2001-2004&nbsp;&nbsp; Lehrg\u00e4nge Ballettp\u00e4dagogik russ. Methode (Gesellschaft f\u00fcr Musiktheater Wien) 2005-2008&nbsp;&nbsp; Akademie f\u00fcr Physiotherapie Steyr 2016\/2017&nbsp;&nbsp; Yin Yoga Ausbildung (Prag, Riga) Beruflicher Werdegang 2008-2010&nbsp;&nbsp; MTZ &#8211; Mehrfach Therapeutisches Zentrum Linz 2010-2011&nbsp;&nbsp; PKA &#8211; Physikalisches Institut der Kreuzschwestern Wels 2012-2013&nbsp;&nbsp; Apolloneum Oberweis &#8211; Therapie und Trainingszentrum 2013-2018&nbsp;&nbsp; <a class=\"read-more\" href=\"http:\/\/seibeweglich.at\/wordpress\/ueber-mich\/\">Read More<\/a><\/p>\n","protected":false},"author":1,"featured_media":0,"parent":0,"menu_order":7,"comment_status":"closed","ping_status":"closed","template":"template-full-width.php","meta":{"footnotes":""},"class_list":["post-262","page","type-page","status-publish","hentry"],"_links":{"self":[{"href":"http:\/\/seibeweglich.at\/wordpress\/wp-json\/wp\/v2\/pages\/262","targetHints":{"allow":["GET"]}}],"collection":[{"href":"http:\/\/seibeweglich.at\/wordpress\/wp-json\/wp\/v2\/pages"}],"about":[{"href":"http:\/\/seibeweglich.at\/wordpress\/wp-json\/wp\/v2\/types\/page"}],"author":[{"embeddable":true,"href":"http:\/\/seibeweglich.at\/wordpress\/wp-json\/wp\/v2\/users\/1"}],"replies":[{"embeddable":true,"href":"http:\/\/seibeweglich.at\/wordpress\/wp-json\/wp\/v2\/comments?post=262"}],"version-history":[{"count":6,"href":"http:\/\/seibeweglich.at\/wordpress\/wp-json\/wp\/v2\/pages\/262\/revisions"}],"predecessor-version":[{"id":601,"href":"http:\/\/seibeweglich.at\/wordpress\/wp-json\/wp\/v2\/pages\/262\/revisions\/601"}],"wp:attachment":[{"href":"http:\/\/seibeweglich.at\/wordpress\/wp-json\/wp\/v2\/media?parent=262"}],"curies":[{"name":"wp","href":"https:\/\/api.w.org\/{rel}","templated":true}]}}